32?
198
What is the remainder when 58138 is divided by 323?
321
What is the remainder when 2754673 is divided by 1749?
1747
What is the remainder when 1591 is divided by 28?
23
Calculate the remainder when 1929 is divided by 1925.
4
What is the remainder when 3419 is divided by 1705?
9
What is the remainder when 5380 is divided by 279?
79
What is the remainder when 11830 is divided by 910?
0
Calculate the remainder when 8109 is divided by 165.
24
Calculate the remainder when 151773 is divided by 50523.
204
Calculate the remainder when 122838 is divided by 664.
662
What is the remainder when 1446 is divided by 23?
20
What is the remainder when 1951 is divided by 650?
1
What is the remainder when 2767 is divided by 386?
65
What is the remainder when 729 is divided by 184?
177
Calculate the remainder when 31837 is divided by 90.
67
Calculate the remainder when 18418 is divided by 1154.
1108
Calculate the remainder when 26412 is divided by 733.
24
Calculate the remainder when 50036 is divided by 13.
12
What is the remainder when 8906 is divided by 131?
129
Calculate the remainder when 101452 is divided by 8.
4
What is the remainder when 19753 is divided by 450?
403
What is the remainder when 31478 is divided by 31387?
91
What is the remainder when 5495 is divided by 25?
20
Calculate the remainder when 261998 is divided by 15411.
11
What is the remainder when 82489 is divided by 757?
733
Calculate the remainder when 904 is divided by 699.
205
What is the remainder when 81905 is divided by 8189?
15
Calculate the remainder when 101826 is divided by 373.
370
What is the remainder when 111212 is divided by 967?
7
What is the remainder when 2884 is divided by 2768?
116
What is the remainder when 288460 is divided by 619?
6
What is the remainder when 28745 is divided by 143?
2
Calculate the remainder when 22152 is divided by 22145.
7
What is the remainder when 1333198 is divided by 1200?
1198
Calculate the remainder when 13092 is divided by 13087.
5
Calculate the remainder when 7473 is divided by 40.
33
Calculate the remainder when 146072 is divided by 48686.
14
Calculate the remainder when 8597 is divided by 308.
281
What is the remainder when 4464 is divided by 705?
234
What is the remainder when 1452 is divided by 1373?
79
Calculate the remainder when 87454 is divided by 343.
332
Calculate the remainder when 61947 is divided by 12384.
27
What is the remainder when 26092 is divided by 31?
21
Calculate the remainder when 13676 is divided by 1233.
113
What is the remainder when 1395 is divided by 688?
19
What is the remainder when 82895 is divided by 628?
627
What is the remainder when 6423 is divided by 540?
483
Calculate the remainder when 439089 is divided by 211.
209
What is the remainder when 147917 is divided by 61?
53
Calculate the remainder when 13383 is divided by 7.
6
Calculate the remainder when 12154 is divided by 179.
161
Calculate the remainder when 3386 is divided by 19.
4
Calculate the remainder when 20033 is divided by 316.
125
Calculate the remainder when 5096 is divided by 4.
0
Calculate the remainder when 24876 is divided by 26.
20
Calculate the remainder when 33721 is divided by 11169.
214
Calculate the remainder when 482818 is divided by 15.
13
Calculate the remainder when 113861 is divided by 211.
132
What is the remainder when 6618634 is divided by 9?
7
Calculate the remainder when 19465 is divided by 6165.
970
Calculate the remainder when 1868020 is divided by 204.
196
Calculate the remainder when 8149 is divided by 4045.
59
Calculate the remainder when 256295 is divided by 14.
11
What is the remainder when 33053 is divided by 2360?
13
Calculate the remainder when 105969 is divided by 74.
1
What is the remainder when 134556 is divided by 82?
76
What is the remainder when 344 is divided by 5?
4
Calculate the remainder when 7733 is divided by 410.
353
What is the remainder when 614 is divided by 186?
56
Calculate the remainder when 672370 is divided by 51.
37
What is the remainder when 19984 is divided by 264?
184
What is the remainder when 2750 is divided by 1321?
108
Calculate the remainder when 3815 is divided by 1206.
197
What is the remainder when 29881 is divided by 7456?
57
What is the remainder when 18325 is divided by 2222?
549
Calculate the remainder when 148683 is divided by 826.
3
What is the remainder when 960202 is divided by 583?
1
What is the remainder when 77272 is divided by 12?
4
Calculate the remainder when 2621408 is divided by 301.
300
What is the remainder when 1627 is divided by 18?
7
What is the remainder when 1844 is divided by 585?
89
What is the remainder when 14321 is divided by 2806?
291
Calculate the remainder when 78964 is divided by 280.
4
Calculate the remainder when 50822 is divided by 2695.
2312
What is the remainder when 86248 is divided by 7840?
8
Calculate the remainder when 166753 is divided by 27788.
25
What is the remainder when 3104 is divided by 121?
79
What is the remainder when 1004572 is divided by 607?
594
What is the remainder when 82302 is divided by 20573?
10
Calculate the remainder when 125238 is divided by 101.
99
What is the remainder when 11259 is divided by 940?
919
Calculate the remainder when 5404 is divided by 5396.
8
What is the remainder when 216644 is divided by 539?
505
What is the remainder when 10755 is divided by 3583?
6
Calculate the remainder when 8308 is divided by 63.
55
What is the remainder when 324589 is divided by 16?
13
What is the remainder when 1613182 is divided by 22?
10
What is the remainder when 24765 is divided by 259?
160
Calculate the remainder when 52490 is divided by 479.
279
What is the remainder when 1800 is divided by 206?
152
What is the remainder when 6247 is divided by 567?
10
Calculate the remainder when 112851 is divided by 16.
3
What is the remainder when 2004 is divided by 42?
30
Calculate the remainder when 9704 is divided by 77.
2
What is the remainder when 230131 is divided by 94?
19
What is the remainder when 26524 is divided by 103?
53
Calculate the remainder when 46842 is divided by 137.
125
What is the remainder when 1914 is divided by 32?
26
What is the remainder when 103101 is divided by 358?
355
Calculate the remainder when 11268 is divided by 94.
82
Calculate the remainder when 16233 is divided by 8094.
45
Calculate the remainder when 64069 is divided by 712.
701
Calculate the remainder when 731 is divided by 563.
168
Calculate the remainder when 737 is divided by 260.
217
What is the remainder when 506344 is divided by 168776?
16
What is the remainder when 6642561 is divided by 389?
386
Calculate the remainder when 944 is divided by 799.
145
Calculate the remainder when 205408 is divided by 561.
82
What is the remainder when 8400 is divided by 931?
21
Calculate the remainder when 3366 is divided by 307.
296
What is the remainder when 29617 is divided by 5908?
77
What is the remainder when 20144 is divided by 77?
47
Calculate the remainder when 176 is divided by 65.
46
What is the remainder when 26811 is divided by 28?
15
What is the remainder when 24384 is divided by 52?
48
What is the remainder when 9388 is divided by 2001?
1384
What is the remainder when 28628 is divided by 1041?
521
What is the remainder when 6634036 is divided by 580?
576
Calculate the remainder when 5685 is divided by 10.
5
What is the remainder when 6026 is divided by 748?
42
Calculate the remainder when 81081 is divided by 27022.
15
Calculate the remainder when 3970 is divided by 3965.
5
Calculate the remainder when 459327 is divided by 30.
27
What is the remainder when 2237 is divided by 89?
12
What is the remainder when 49216 is divided by 372?
112
Calculate the remainder when 886 is divided by 62.
18
What is the remainder when 80613 is divided by 26869?
6
What is the remainder when 90500 is divided by 18100?
0
What is the remainder when 373664 is divided by 373658?
6
Calculate the remainder when 48965 is divided by 6989.
42
Calculate the remainder when 80572 is divided by 7.
2
What is the remainder when 131139 is divided by 60?
39
Calculate the remainder when 1550 is divided by 312.
302
Calculate the remainder when 30008 is divided by 29974.
34
Calculate the remainder when 10282 is divided by 219.
208
Calculate the remainder when 23891 is divid